6. Let z be y/(-6)*72/(-20). Suppose 5*u = -z + 101. What is the tens digit of u?
1
Let l = 47 + -22. Suppose -5*j - l = 0, x + 300 = 5*x - 4*j. What is the tens digit of x?
7
Suppose -4*i + 28 = 4*w, 3*i - 14 = -w - 1. Suppose c - 71 = 4*y, -3*c = -c + i*y - 142. What is the units digit of c?
1
Let p(x) = x**3 - 19*x**2 - 17*x - 28. What is the units digit of p(20)?
2
Let w = 324 + -184. What is the hundreds digit of w?
1
Let k be (-388)/20 + (-6)/10. Let t = k - -40. Suppose 6*i - t = 4. What is the units digit of i?
4
Let g(y) = y**3 + 6*y**2 - 8*y - 3. Let q be g(-7). Let x(a) = -1 - 3*a**2 - q*a**2 + 8*a**2 + a. What is the tens digit of x(3)?
1
Let z(a) = a**2 + 3*a - 5. Let o(q) = q. Let l(y) = 2*o(y) + z(y). Let w be l(-6). Suppose -m + w = -2, -5*n + 98 = m. What is the tens digit of n?
1
Let k = 12449 - 8789. What is the thousands digit of k?
3
What is the hundreds digit of (-11264)/(-5) + (-84)/(-420)?
2
Let w(h) = -h**3 - 9*h**2 - 5*h + 26. Let c be w(-8). Suppose o + 460 - 117 = a, c*o = -10. What is the hundreds digit of a?
3
Suppose -59*a + 53*a + 270 = 0. What is the units digit of a?
5
Let i = -1118 - -2079. What is the units digit of i?
1
Let x be (-36)/(-24) + 26/4. Suppose -4*i + 6*z - 2*z = -8, -14 = -2*i - 3*z. What is the units digit of (i/x)/(2/112)?
8
Let u = 5137 + -3222. What is the tens digit of u?
1
Let j = -18 + 22. Let r be -2 + -6*(j - -27). What is the tens digit of r/(-6)*12/8?
4
Suppose 4*a + r = 52, a + 2*r + 4 = 2*a. What is the units digit of (177*2/a)/((-3)/(-12))?
8
Let o = -643 + 2025. What is the tens digit of o?
8
Suppose -2*d + 3*p + 4781 = 0, -5*d = -5*p + 6103 - 18048. What is the hundreds digit of d?
3
Let v(z) = z**3 - 10*z**2 - 8*z - 18. What is the hundreds digit of v(14)?
6
Let p = 1329 - 144. What is the hundreds digit of p?
1
Suppose -4*y + 2*h = -10 - 26, 4*h = 4*y - 36. Suppose -y*f = -11*f + 54. What is the tens digit of f?
2
Let x(b) = b**2 - 7*b + 7. Let h be ((-24)/20)/(1/5). Let u(z) = -3*z**2 + 21*z - 21. Let d(k) = h*u(k) - 17*x(k). What is the units digit of d(6)?
1
Let p = -36 - -44. Let b(t) = 30*t - 48. What is the units digit of b(p)?
2
Suppose -g + 6 = 2*g. Suppose g*k + 2*k = 80. Suppose k - 2 = 2*i. What is the units digit of i?
9
Suppose -444 = -23*k + 19*k. Suppose -115*b = -k*b - 336. What is the units digit of b?
4
Let f(d) be the first derivative of -d**2/2 - 12*d - 9. Let k be f(-11). What is the tens digit of 28 - (k - (3 + 0))?
3
Let f(i) = -i**2 - 5*i + 3. Let q be f(-5). Let o be 3 - ((5 - q) + -3). Let c = o - -9. What is the tens digit of c?
1
Let k = -1179 - -2012. What is the tens digit of k?
3
Let b be 5/(-35) - 41/7. Let m be -10*(9/b + 1). What is the units digit of m/25 - 19/(-5)?
4
Let z be 2/(20/(-154)) - (-34)/85. What is the tens digit of 6/2 + -159*5/z?
5
Let l(i) be the second derivative of 9/10*i**5 + 0*i**2 + 0*i**4 - 2*i + 0 + 1/6*i**3. What is the tens digit of l(1)?
1
Suppose -500*c - 7680 = -510*c. What is the tens digit of c?
6
Suppose -2*j - 405 = -0*b + 5*b, -j = -5*b - 390. What is the hundreds digit of (2*b/4)/(11/(-66))?
2
Let q be (5/(-15)*3)/((-2)/(-6)). Let h(z) = 7*z - 1. Let s(i) = 14*i - 3. Let k(t) = -5*h(t) + 2*s(t). What is the tens digit of k(q)?
2
Let j be 183 - -4*5/10. Suppose j = 3*w - 2*w + 4*f, -2*w + 370 = 5*f. What is the hundreds digit of w?
1
Suppose -7966 + 2208 = -3*x + 4*n, 8*x - n = 15374. What is the units digit of x?
2
Let i = 1002 + -130. Suppose -5*r = -r + 4*m - i, 0 = -2*r + 2*m + 428. What is the tens digit of r?
1
Let y = -9 + 8. Let w be (1 - 43)/(0 + y). Suppose 2*p - w = -p. What is the units digit of p?
4
Suppose -2566 = -2*v + 4*s, 17*s - 14*s + 1288 = v. What is the thousands digit of v?
1
Suppose 0 = g + 6 - 4. Let k(p) = 8*p**2 - 3*p**2 - 2*p**2 - 2*p**2 - 2*p**3 - 2. What is the units digit of k(g)?
8
Let a = -140 + 146. What is the units digit of a?
6
What is the hundreds digit of 1996/(-8)*((-12 - -2) + 8)?
4
Suppose 49*i - 137957 - 67157 = 0. What is the hundreds digit of i?
1
Let r(h) = 13*h**2 - h - 3. Let o be r(-1). Let s(j) = j**2 + 5*j - 11. What is the tens digit of s(o)?
6
Let g(p) = 33*p - 20. Suppose -4*l - 2*a = -38, -6*l + l + 2*a + 25 = 0. What is the hundreds digit of g(l)?
2
Suppose 2*y - 76 = 2*r - y, r + y = -38. What is the tens digit of (1 - (-27)/(-6))*r?
3
Let p(j) be the first derivative of -j**4/4 - 8*j**3/3 + 9*j**2/2 + 2*j + 4. Let o be p(-9). Suppose -q - 14 = -o*q. What is the tens digit of q?
1
Let g(i) be the second derivative of 13*i**7/630 + i**6/720 + i**4/2 - i. Let w(s) be the third derivative of g(s). What is the units digit of w(1)?
3
Let l be 51/(-3) - 1 - -1. Let o = -15 - l. Suppose 58 = 2*i + 5*f, -51 + 2 = -3*i + o*f. What is the units digit of i?
9
Suppose -7*j = -29 - 6. Suppose -3*f + 48 = -f - 4*a, -96 = -4*f - j*a. What is the tens digit of f?
2
What is the units digit of (1 + 3)*133/28?
9
Let u be ((-50)/(-40))/(2/(-8)). Let i(b) = b**2 + 6*b + 2. Let p be i(u). Let s = 23 - p. What is the tens digit of s?
2
Let i = 303 - -57. What is the tens digit of (-1)/1*2*i/(-16)?
4
Let v(h) = 2*h**3 + 8*h**2 - 7*h + 5. Let z(i) = 5*i**3 + 25*i**2 - 22*i + 14. Let o(n) = -8*v(n) + 3*z(n). What is the units digit of o(9)?
4
Suppose 4*v - 201 = p - 2*p, 0 = 4*v - 2*p - 186. Suppose 4*y - 32 = 5*m, 5*y - 4*m = -0*y + v. What is the units digit of y?
3
Suppose s = -5*y + 7, 0*s + y + 35 = 5*s. Let l(k) = -10*k - 10. Let x be l(s). What is the tens digit of (-4)/(-10) - 768/x?
1
Let d(b) be the third derivative of -b**4/4 - 14*b**3/3 + 22*b**2. What is the tens digit of d(-18)?
8
Let h = 13 + -11. Suppose -h*u + 80 = 2*u. What is the units digit of u?
0
Let n = 1239 - 245. What is the hundreds digit of n?
9
Let g = -291 - -705. What is the tens digit of g?
1
Let i = -199 - -81. Let l = i - -255. Suppose 0 = -3*d + 4*z + l, 4*d - 3*z - 171 = -0*z. What is the units digit of d?
9
What is the tens digit of (-770)/(-539) + 1950/7?
8
Suppose 4*n + 8*n - 1548 = 0. What is the hundreds digit of n?
1
Let w(p) = 2*p + 6. Let k be w(-6). What is the units digit of (-1 - 0)*(k + 4 - 142)?
4
Suppose -6*h = -94 - 2. Suppose -22*z - h = -23*z. What is the units digit of z?
6
Let d(j) = j - 3. Let u be d(7). Suppose -u*h = 3*a + h - 429, -3*a + 432 = 4*h. What is the hundreds digit of a?
1
Let w be ((-5)/(-4))/(5 - 114/24). Suppose -i = 4, 3*x - w*i - 168 - 14 = 0. What is the units digit of x?
4
Let g = 4 - -3. Let w(p) = 3*p - 7. What is the tens digit of w(g)?
1
What is the hundreds digit of (3 - 1)/(2/1596*4)?
3
Let i(s) = -6*s + 1. Let y(l) = -7*l. Let z(x) = 6*i(x) - 5*y(x). Let q be z(3). Let u = 11 + q. What is the units digit of u?
4
Suppose 4*i + 4*s = 9*i - 683, i = 5*s + 145. What is the hundreds digit of i?
1
Let a(t) = 2*t**2 + 3*t - 2. Let m(i) = i - 1. Let u be m(3). Suppose -u*h + 4*h = -6. What is the units digit of a(h)?
7
Let a(l) = l**3 - 4*l**2 + 5*l - 5. Let h be a(4). Suppose 0 = 3*d + h, 0*u = -u + 2*d + 19. What is the units digit of u?
9
Suppose -6*d + 131 = -211. Suppose 42 = 3*r - d. Let w = r - 8. What is the tens digit of w?
2
Suppose q - 2 = 0, -l = q - 4*q - 165. Suppose 59 - l = -2*b. What is the units digit of b?
6
Suppose 5*t = 2*t + 12. Let a be -3 + 2 - (1 + -17). Suppose t*y - 2*z - 21 = -7*z, -y + 2*z = -a. What is the units digit of y?
9
Suppose r + 398 = 3*w + 61, 2*r = -3*w + 325. What is the units digit of w?
1
Let b be (-28)/126 - (-79)/(-9). Let i = 23 + b. Let g = i + -8. What is the units digit of g?
6
Let u(l) be the first derivative of 310*l**3/3 + l**2 - 2*l - 2. Let b be u(1). Suppose b = 2*o + 3*o. What is the tens digit of o?
6
Let y = 320 - 204. What is the units digit of y?
6
Let j = -28 - -28. Suppose j = 31*l - 37*l + 1512. What is the hundreds digit of l?
2
Let d(a) = -a**3 + 26*a**2 + 40*a - 35. What is the units digit of d(27)?
6
Let m(j) = j + 7. Let c be m(-3). Suppose -c*n + 268 = -76. What is the tens digit of n?
8
Let a(g) = -6*g**3 - g**2 - g + 2. Let i be a(1). What is the units digit of ((-22)/1)/(i/12)?
4
Let a be 7 - (-4 + 11 + -3). Suppose -u = -4*w - 42, -3*u - 51 = -5*u - a*w. What is the units digit of u?
0
Let v be 7 - (0 + -4)*8/(-16). Suppose -39 = -v*q + 2*y + 7, 2*q - 4*y - 28 = 0. What is the uni